Dec 01 16:28:37.255 INFO testing golden-coders/bibliology against master#8940af3cea4a9a9deabcaf843b2f8cad9a83fc61 for beta-1.31-5
Dec 01 16:28:37.255 INFO running `"docker" "create" "-v" "/mnt/big/crater/work/local/target-dirs/beta-1.31-5/worker-2/master#8940af3cea4a9a9deabcaf843b2f8cad9a83fc61:/target:rw,Z" "-v" "/mnt/big/crater/work/local/test-source/worker-2/beta-1.31-5/master#8940af3cea4a9a9deabcaf843b2f8cad9a83fc61:/source:ro,Z" "-v" "/mnt/big/crater/work/local/cargo-home:/cargo-home:ro,Z" "-v" "/mnt/big/crater/work/local/rustup-home:/rustup-home:ro,Z" "-e" "USER_ID=1000" "-e" "SOURCE_DIR=/source" "-e" "USER_ID=1000" "-e" "CMD=cargo +8940af3cea4a9a9deabcaf843b2f8cad9a83fc61-alt build --frozen" "-e" "CARGO_TARGET_DIR=/target" "-e" "CARGO_INCREMENTAL=0" "-e" "RUST_BACKTRACE=full" "-e" "RUSTFLAGS=--cap-lints=warn" "-e" "CARGO_HOME=/cargo-home" "-e" "RUSTUP_HOME=/rustup-home" "-m" "1536M" "--network" "none" "crater"`
Dec 01 16:28:37.481 INFO [stdout] 7898f8df3bc75aa220e94954699e21673e323f4abc9d3446e8182a4efed1c582
Dec 01 16:28:37.484 INFO running `"docker" "start" "-a" "7898f8df3bc75aa220e94954699e21673e323f4abc9d3446e8182a4efed1c582"`
Dec 01 16:28:37.843 INFO [stderr] usermod: no changes
Dec 01 16:28:38.104 INFO [stderr]    Compiling bibliology v0.1.0 (/source)
Dec 01 16:28:40.443 INFO [stderr]     Finished dev [unoptimized + debuginfo] target(s) in 2.57s
Dec 01 16:28:40.459 INFO [stderr] su: No module specific data is present
Dec 01 16:28:42.179 INFO running `"docker" "inspect" "7898f8df3bc75aa220e94954699e21673e323f4abc9d3446e8182a4efed1c582"`
Dec 01 16:28:42.425 INFO running `"docker" "rm" "-f" "7898f8df3bc75aa220e94954699e21673e323f4abc9d3446e8182a4efed1c582"`
Dec 01 16:28:42.650 INFO [stdout] 7898f8df3bc75aa220e94954699e21673e323f4abc9d3446e8182a4efed1c582
Dec 01 16:28:42.653 INFO running `"docker" "create" "-v" "/mnt/big/crater/work/local/target-dirs/beta-1.31-5/worker-2/master#8940af3cea4a9a9deabcaf843b2f8cad9a83fc61:/target:rw,Z" "-v" "/mnt/big/crater/work/local/test-source/worker-2/beta-1.31-5/master#8940af3cea4a9a9deabcaf843b2f8cad9a83fc61:/source:ro,Z" "-v" "/mnt/big/crater/work/local/cargo-home:/cargo-home:ro,Z" "-v" "/mnt/big/crater/work/local/rustup-home:/rustup-home:ro,Z" "-e" "USER_ID=1000" "-e" "SOURCE_DIR=/source" "-e" "USER_ID=1000" "-e" "CMD=cargo +8940af3cea4a9a9deabcaf843b2f8cad9a83fc61-alt test --frozen --no-run" "-e" "CARGO_TARGET_DIR=/target" "-e" "CARGO_INCREMENTAL=0" "-e" "RUST_BACKTRACE=full" "-e" "RUSTFLAGS=--cap-lints=warn" "-e" "CARGO_HOME=/cargo-home" "-e" "RUSTUP_HOME=/rustup-home" "-m" "1536M" "--network" "none" "crater"`
Dec 01 16:28:43.117 INFO [stdout] 6a351985bbd7231c1ce0afd0c7616a5a4a238ca85690d55d036cc9787a8e4201
Dec 01 16:28:43.120 INFO running `"docker" "start" "-a" "6a351985bbd7231c1ce0afd0c7616a5a4a238ca85690d55d036cc9787a8e4201"`
Dec 01 16:28:44.520 INFO [stderr] usermod: no changes
Dec 01 16:28:44.923 INFO [stderr]    Compiling bibliology v0.1.0 (/source)
Dec 01 16:28:47.935 INFO [stderr]     Finished dev [unoptimized + debuginfo] target(s) in 3.34s
Dec 01 16:28:47.955 INFO [stderr] su: No module specific data is present
Dec 01 16:28:48.853 INFO running `"docker" "inspect" "6a351985bbd7231c1ce0afd0c7616a5a4a238ca85690d55d036cc9787a8e4201"`
Dec 01 16:28:49.127 INFO running `"docker" "rm" "-f" "6a351985bbd7231c1ce0afd0c7616a5a4a238ca85690d55d036cc9787a8e4201"`
Dec 01 16:28:49.475 INFO [stdout] 6a351985bbd7231c1ce0afd0c7616a5a4a238ca85690d55d036cc9787a8e4201
Dec 01 16:28:49.477 INFO running `"docker" "create" "-v" "/mnt/big/crater/work/local/target-dirs/beta-1.31-5/worker-2/master#8940af3cea4a9a9deabcaf843b2f8cad9a83fc61:/target:rw,Z" "-v" "/mnt/big/crater/work/local/test-source/worker-2/beta-1.31-5/master#8940af3cea4a9a9deabcaf843b2f8cad9a83fc61:/source:ro,Z" "-v" "/mnt/big/crater/work/local/cargo-home:/cargo-home:ro,Z" "-v" "/mnt/big/crater/work/local/rustup-home:/rustup-home:ro,Z" "-e" "USER_ID=1000" "-e" "SOURCE_DIR=/source" "-e" "USER_ID=1000" "-e" "CMD=cargo +8940af3cea4a9a9deabcaf843b2f8cad9a83fc61-alt test --frozen" "-e" "CARGO_TARGET_DIR=/target" "-e" "CARGO_INCREMENTAL=0" "-e" "RUST_BACKTRACE=full" "-e" "RUSTFLAGS=--cap-lints=warn" "-e" "CARGO_HOME=/cargo-home" "-e" "RUSTUP_HOME=/rustup-home" "-m" "1536M" "--network" "none" "crater"`
Dec 01 16:28:50.048 INFO [stdout] 4ca82835e9ea3fe7e0a805e28e070085ac7c86a2029e0fc9e8e1950b891b18b7
Dec 01 16:28:50.050 INFO running `"docker" "start" "-a" "4ca82835e9ea3fe7e0a805e28e070085ac7c86a2029e0fc9e8e1950b891b18b7"`
Dec 01 16:28:51.451 INFO [stderr] usermod: no changes
Dec 01 16:28:51.720 INFO [stderr]     Finished dev [unoptimized + debuginfo] target(s) in 0.24s
Dec 01 16:28:51.743 INFO [stderr]      Running /target/debug/deps/bibliology-11eb994c56b1f41e
Dec 01 16:28:51.749 INFO [stdout] 
Dec 01 16:28:51.749 INFO [stdout] running 2 tests
Dec 01 16:28:51.848 INFO [stdout] test config::test::fail_to_create_config ... ok
Dec 01 16:28:51.903 INFO [stdout] test config::test::succeed_to_create_config ... FAILED
Dec 01 16:28:51.903 INFO [stdout] 
Dec 01 16:28:51.903 INFO [stdout] failures:
Dec 01 16:28:51.903 INFO [stdout] 
Dec 01 16:28:51.904 INFO [stdout] ---- config::test::succeed_to_create_config stdout ----
Dec 01 16:28:51.904 INFO [stdout] thread 'config::test::succeed_to_create_config' panicked at 'called `Result::unwrap()` on an `Err` value: Os { code: 2, kind: NotFound, message: "No such file or directory" }
Dec 01 16:28:51.904 INFO [stdout] 
Dec 01 16:28:51.904 INFO [stdout] stack backtrace:
Dec 01 16:28:51.904 INFO [stdout]    0:     0x55827ec65d46 - backtrace::backtrace::libunwind::trace::h6bbacefea775e7c8
Dec 01 16:28:51.904 INFO [stdout]                         at /cargo-home/registry/src/github.com-1ecc6299db9ec823/backtrace-0.3.9/src/backtrace/libunwind.rs:53
Dec 01 16:28:51.904 INFO [stdout]                          - backtrace::backtrace::trace::h3af19feadfdf321d
Dec 01 16:28:51.904 INFO [stdout]                         at /cargo-home/registry/src/github.com-1ecc6299db9ec823/backtrace-0.3.9/src/backtrace/mod.rs:42
Dec 01 16:28:51.904 INFO [stdout]    1:     0x55827ec60403 - backtrace::capture::Backtrace::new_unresolved::h9e1d16923e19b05c
Dec 01 16:28:51.904 INFO [stdout]                         at /cargo-home/registry/src/github.com-1ecc6299db9ec823/backtrace-0.3.9/src/capture.rs:88
Dec 01 16:28:51.904 INFO [stdout]    2:     0x55827ec5ed63 - failure::backtrace::internal::InternalBacktrace::new::h8d518ff902633891
Dec 01 16:28:51.904 INFO [stdout]                         at /cargo-home/registry/src/github.com-1ecc6299db9ec823/failure-0.1.2/src/backtrace/internal.rs:44
Dec 01 16:28:51.904 INFO [stdout]    3:     0x55827ec5e22c - failure::backtrace::Backtrace::new::h4aef83c027511014
Dec 01 16:28:51.904 INFO [stdout]                         at /cargo-home/registry/src/github.com-1ecc6299db9ec823/failure-0.1.2/src/backtrace/mod.rs:111
Dec 01 16:28:51.904 INFO [stdout]    4:     0x55827ebda055 - <failure::error::error_impl::ErrorImpl as core::convert::From<F>>::from::h7e625a3b544569d1
Dec 01 16:28:51.904 INFO [stdout]                         at /cargo-home/registry/src/github.com-1ecc6299db9ec823/failure-0.1.2/src/error/error_impl.rs:20
Dec 01 16:28:51.904 INFO [stdout]    5:     0x55827ebcbf2e - <failure::error::Error as core::convert::From<F>>::from::h3bd70599a81d2fe3
Dec 01 16:28:51.904 INFO [stdout]                         at /cargo-home/registry/src/github.com-1ecc6299db9ec823/failure-0.1.2/src/error/mod.rs:36
Dec 01 16:28:51.904 INFO [stdout]    6:     0x55827ebc0af8 - bibliology::config::Config::new::h6b5e5bda4eb083c6
Dec 01 16:28:51.904 INFO [stdout]                         at src/config/mod.rs:73
Dec 01 16:28:51.904 INFO [stdout]    7:     0x55827ebd7b94 - bibliology::config::test::succeed_to_create_config::h11da46b62c3903c6
Dec 01 16:28:51.904 INFO [stdout]                         at src/config/test.rs:7
Dec 01 16:28:51.905 INFO [stdout]    8:     0x55827ebd7b59 - bibliology::config::test::succeed_to_create_config::{{closure}}::h5bb34709102cf717
Dec 01 16:28:51.905 INFO [stdout]                         at src/config/test.rs:6
Dec 01 16:28:51.905 INFO [stdout]    9:     0x55827ebccafd - core::ops::function::FnOnce::call_once::hda70ca12aed63af3
Dec 01 16:28:51.905 INFO [stdout]                         at libcore/ops/function.rs:238
Dec 01 16:28:51.905 INFO [stdout]   10:     0x55827ebdd5ae - test::run_test::{{closure}}::h22f923ed51962bb2
Dec 01 16:28:51.905 INFO [stdout]                         at libtest/lib.rs:1468
Dec 01 16:28:51.905 INFO [stdout]                          - core::ops::function::FnOnce::call_once::he2d9197ddf9e830c
Dec 01 16:28:51.905 INFO [stdout]                         at libcore/ops/function.rs:238
Dec 01 16:28:51.905 INFO [stdout]                          - <F as alloc::boxed::FnBox<A>>::call_box::hac903f91577a156c
Dec 01 16:28:51.905 INFO [stdout]                         at liballoc/boxed.rs:672
Dec 01 16:28:51.905 INFO [stdout]   11:     0x55827eca85d9 - __rust_maybe_catch_panic
Dec 01 16:28:51.905 INFO [stdout]                         at libpanic_unwind/lib.rs:102
Dec 01 16:28:51.905 INFO [stdout]   12:     0x55827ebff202 - std::panicking::try::h86d959bc0ec6cdfc
Dec 01 16:28:51.905 INFO [stdout]                         at libstd/panicking.rs:289
Dec 01 16:28:51.905 INFO [stdout]                          - std::panic::catch_unwind::h58f3b0b822e24260
Dec 01 16:28:51.905 INFO [stdout]                         at libstd/panic.rs:392
Dec 01 16:28:51.905 INFO [stdout]                          - test::run_test::run_test_inner::{{closure}}::h6052d99a909b4d79
Dec 01 16:28:51.905 INFO [stdout]                         at libtest/lib.rs:1423
Dec 01 16:28:51.905 INFO [stdout]                          - std::sys_common::backtrace::__rust_begin_short_backtrace::hb8f0d0309526c184
Dec 01 16:28:51.905 INFO [stdout]                         at libstd/sys_common/backtrace.rs:136
Dec 01 16:28:51.905 INFO [stdout]   13:     0x55827ebffcb4 - std::thread::Builder::spawn::{{closure}}::{{closure}}::he41bdc16beab5bc6
Dec 01 16:28:51.905 INFO [stdout]                         at libstd/thread/mod.rs:409
Dec 01 16:28:51.905 INFO [stdout]                          - <std::panic::AssertUnwindSafe<F> as core::ops::function::FnOnce<()>>::call_once::h250f97bbd023a26e
Dec 01 16:28:51.905 INFO [stdout]                         at libstd/panic.rs:313
Dec 01 16:28:51.905 INFO [stdout]                          - std::panicking::try::do_call::hc2f7c8b9a348d8db
Dec 01 16:28:51.905 INFO [stdout]                         at libstd/panicking.rs:310
Dec 01 16:28:51.905 INFO [stdout]   14:     0x55827eca85d9 - __rust_maybe_catch_panic
Dec 01 16:28:51.905 INFO [stdout]                         at libpanic_unwind/lib.rs:102
Dec 01 16:28:51.905 INFO [stdout]   15:     0x55827ebeceec - std::panicking::try::h060637bb9966bca1
Dec 01 16:28:51.905 INFO [stdout]                         at libstd/panicking.rs:289
Dec 01 16:28:51.905 INFO [stdout]                          - std::panic::catch_unwind::hbb63bac845704635
Dec 01 16:28:51.905 INFO [stdout]                         at libstd/panic.rs:392
Dec 01 16:28:51.905 INFO [stdout]                          - std::thread::Builder::spawn::{{closure}}::h3a662d8ffcf3ef15
Dec 01 16:28:51.905 INFO [stdout]                         at libstd/thread/mod.rs:408
Dec 01 16:28:51.905 INFO [stdout]                          - <F as alloc::boxed::FnBox<A>>::call_box::h6bfded618e480b32
Dec 01 16:28:51.905 INFO [stdout]                         at liballoc/boxed.rs:672
Dec 01 16:28:51.905 INFO [stdout]   16:     0x55827ec961ed - <alloc::boxed::Box<(dyn alloc::boxed::FnBox<A, Output=R> + 'a)> as core::ops::function::FnOnce<A>>::call_once::h107741f455b08c4c
Dec 01 16:28:51.905 INFO [stdout]                         at liballoc/boxed.rs:682
Dec 01 16:28:51.905 INFO [stdout]                          - std::sys_common::thread::start_thread::h4c28257d67cdf9cb
Dec 01 16:28:51.905 INFO [stdout]                         at libstd/sys_common/thread.rs:24
Dec 01 16:28:51.905 INFO [stdout]   17:     0x55827ec8b585 - std::sys::unix::thread::Thread::new::thread_start::hfecb2e7eff8fd34f
Dec 01 16:28:51.905 INFO [stdout]                         at libstd/sys/unix/thread.rs:90
Dec 01 16:28:51.905 INFO [stdout]   18:     0x7fc5a44bb6b9 - start_thread
Dec 01 16:28:51.905 INFO [stdout]   19:     0x7fc5a3fdb41c - clone
Dec 01 16:28:51.905 INFO [stdout]   20:                0x0 - <unknown>', libcore/result.rs:1009:5
Dec 01 16:28:51.905 INFO [stdout] stack backtrace:
Dec 01 16:28:51.905 INFO [stdout]    0:     0x55827ec9456f - std::sys::unix::backtrace::tracing::imp::unwind_backtrace::h3a8b83e1922cbdde
Dec 01 16:28:51.905 INFO [stdout]                                at libstd/sys/unix/backtrace/tracing/gcc_s.rs:49
Dec 01 16:28:51.905 INFO [stdout]    1:     0x55827ec9d627 - std::sys_common::backtrace::print::h00d3155a29b4020f
Dec 01 16:28:51.905 INFO [stdout]                                at libstd/sys_common/backtrace.rs:71
Dec 01 16:28:51.905 INFO [stdout]                                at libstd/sys_common/backtrace.rs:59
Dec 01 16:28:51.905 INFO [stdout]    2:     0x55827ec9830f - std::panicking::default_hook::{{closure}}::hd7465c742e79e1bb
Dec 01 16:28:51.905 INFO [stdout]                                at libstd/panicking.rs:211
Dec 01 16:28:51.905 INFO [stdout]    3:     0x55827ec9800e - std::panicking::default_hook::h9e3966f2aa2a6e12
Dec 01 16:28:51.905 INFO [stdout]                                at libstd/panicking.rs:221
Dec 01 16:28:51.905 INFO [stdout]    4:     0x55827ec989ee - std::panicking::rust_panic_with_hook::h587f091ae747d080
Dec 01 16:28:51.905 INFO [stdout]                                at libstd/panicking.rs:476
Dec 01 16:28:51.905 INFO [stdout]    5:     0x55827ec98591 - std::panicking::continue_panic_fmt::hb3a4fdede87f43a8
Dec 01 16:28:51.905 INFO [stdout]                                at libstd/panicking.rs:390
Dec 01 16:28:51.905 INFO [stdout]    6:     0x55827ec98475 - rust_begin_unwind
Dec 01 16:28:51.905 INFO [stdout]                                at libstd/panicking.rs:325
Dec 01 16:28:51.905 INFO [stdout]    7:     0x55827ecdd7fc - core::panicking::panic_fmt::h6f9cebf5e7474a0b
Dec 01 16:28:51.905 INFO [stdout]                                at libcore/panicking.rs:77
Dec 01 16:28:51.905 INFO [stdout]    8:     0x55827ebd7865 - core::result::unwrap_failed::h20a46b978edc0c7f
Dec 01 16:28:51.905 INFO [stdout]                                at libcore/macros.rs:26
Dec 01 16:28:51.905 INFO [stdout]    9:     0x55827ebd69cc - <core::result::Result<T, E>>::unwrap::h5e9dda6acb157f2b
Dec 01 16:28:51.905 INFO [stdout]                                at libcore/result.rs:808
Dec 01 16:28:51.905 INFO [stdout]   10:     0x55827ebd7bba - bibliology::config::test::succeed_to_create_config::h11da46b62c3903c6
Dec 01 16:28:51.905 INFO [stdout]                                at src/config/test.rs:7
Dec 01 16:28:51.905 INFO [stdout]   11:     0x55827ebd7b59 - bibliology::config::test::succeed_to_create_config::{{closure}}::h5bb34709102cf717
Dec 01 16:28:51.905 INFO [stdout]                                at src/config/test.rs:6
Dec 01 16:28:51.905 INFO [stdout]   12:     0x55827ebccafd - core::ops::function::FnOnce::call_once::hda70ca12aed63af3
Dec 01 16:28:51.905 INFO [stdout]                                at libcore/ops/function.rs:238
Dec 01 16:28:51.905 INFO [stdout]   13:     0x55827ebdd5ae - <F as alloc::boxed::FnBox<A>>::call_box::hac903f91577a156c
Dec 01 16:28:51.905 INFO [stdout]                                at libtest/lib.rs:1468
Dec 01 16:28:51.905 INFO [stdout]                                at libcore/ops/function.rs:238
Dec 01 16:28:51.905 INFO [stdout]                                at liballoc/boxed.rs:672
Dec 01 16:28:51.905 INFO [stdout]   14:     0x55827eca85d9 - __rust_maybe_catch_panic
Dec 01 16:28:51.905 INFO [stdout]                                at libpanic_unwind/lib.rs:102
Dec 01 16:28:51.905 INFO [stdout]   15:     0x55827ebff202 - std::sys_common::backtrace::__rust_begin_short_backtrace::hb8f0d0309526c184
Dec 01 16:28:51.905 INFO [stdout]                                at libstd/panicking.rs:289
Dec 01 16:28:51.905 INFO [stdout]                                at libstd/panic.rs:392
Dec 01 16:28:51.905 INFO [stdout]                                at libtest/lib.rs:1423
Dec 01 16:28:51.905 INFO [stdout]                                at libstd/sys_common/backtrace.rs:136
Dec 01 16:28:51.905 INFO [stdout]   16:     0x55827ebffcb4 - std::panicking::try::do_call::hc2f7c8b9a348d8db
Dec 01 16:28:51.905 INFO [stdout]                                at libstd/thread/mod.rs:409
Dec 01 16:28:51.906 INFO [stdout]                                at libstd/panic.rs:313
Dec 01 16:28:51.906 INFO [stdout]                                at libstd/panicking.rs:310
Dec 01 16:28:51.906 INFO [stdout]   17:     0x55827eca85d9 - __rust_maybe_catch_panic
Dec 01 16:28:51.906 INFO [stdout]                                at libpanic_unwind/lib.rs:102
Dec 01 16:28:51.906 INFO [stdout]   18:     0x55827ebeceec - <F as alloc::boxed::FnBox<A>>::call_box::h6bfded618e480b32
Dec 01 16:28:51.906 INFO [stdout]                                at libstd/panicking.rs:289
Dec 01 16:28:51.906 INFO [stdout]                                at libstd/panic.rs:392
Dec 01 16:28:51.906 INFO [stdout]                                at libstd/thread/mod.rs:408
Dec 01 16:28:51.906 INFO [stdout]                                at liballoc/boxed.rs:672
Dec 01 16:28:51.906 INFO [stdout]   19:     0x55827ec961ed - std::sys_common::thread::start_thread::h4c28257d67cdf9cb
Dec 01 16:28:51.906 INFO [stdout]                                at liballoc/boxed.rs:682
Dec 01 16:28:51.906 INFO [stdout]                                at libstd/sys_common/thread.rs:24
Dec 01 16:28:51.906 INFO [stdout]   20:     0x55827ec8b585 - std::sys::unix::thread::Thread::new::thread_start::hfecb2e7eff8fd34f
Dec 01 16:28:51.906 INFO [stdout]                                at libstd/sys/unix/thread.rs:90
Dec 01 16:28:51.906 INFO [stdout]   21:     0x7fc5a44bb6b9 - start_thread
Dec 01 16:28:51.906 INFO [stdout]   22:     0x7fc5a3fdb41c - clone
Dec 01 16:28:51.906 INFO [stdout]   23:                0x0 - <unknown>
Dec 01 16:28:51.906 INFO [stdout] 
Dec 01 16:28:51.908 INFO [stdout] 
Dec 01 16:28:51.908 INFO [stdout] failures:
Dec 01 16:28:51.908 INFO [stdout]     config::test::succeed_to_create_config
Dec 01 16:28:51.908 INFO [stdout] 
Dec 01 16:28:51.908 INFO [stdout] test result: FAILED. 1 passed; 1 failed; 0 ignored; 0 measured; 0 filtered out
Dec 01 16:28:51.908 INFO [stdout] 
Dec 01 16:28:51.909 INFO [stderr] error: test failed, to rerun pass '--lib'
Dec 01 16:28:51.911 INFO [stderr] su: No module specific data is present
Dec 01 16:28:52.911 INFO running `"docker" "inspect" "4ca82835e9ea3fe7e0a805e28e070085ac7c86a2029e0fc9e8e1950b891b18b7"`
Dec 01 16:28:53.171 INFO running `"docker" "rm" "-f" "4ca82835e9ea3fe7e0a805e28e070085ac7c86a2029e0fc9e8e1950b891b18b7"`
Dec 01 16:28:53.515 INFO [stdout] 4ca82835e9ea3fe7e0a805e28e070085ac7c86a2029e0fc9e8e1950b891b18b7
